by 11.
9
What is the remainder when 93410 is divided by 83?
35
Calculate the remainder when 3374 is divided by 2675.
699
What is the remainder when 13129 is divided by 2?
1
Calculate the remainder when 2365 is divided by 295.
5
Calculate the remainder when 3900 is divided by 122.
118
Calculate the remainder when 58159 is divided by 19319.
202
What is the remainder when 1592 is divided by 108?
80
What is the remainder when 9287 is divided by 1923?
1595
Calculate the remainder when 3352 is divided by 139.
16
What is the remainder when 3254 is divided by 232?
6
Calculate the remainder when 998 is divided by 142.
4
Calculate the remainder when 3713 is divided by 47.
0
What is the remainder when 20170 is divided by 2223?
163
Calculate the remainder when 16587 is divided by 472.
67
What is the remainder when 5361 is divided by 205?
31
What is the remainder when 461158 is divided by 420?
418
What is the remainder when 4547 is divided by 4063?
484
Calculate the remainder when 5104 is divided by 21.
1
What is the remainder when 1303 is divided by 647?
9
What is the remainder when 26909 is divided by 390?
389
Calculate the remainder when 6173 is divided by 233.
115
What is the remainder when 18201 is divided by 82?
79
Calculate the remainder when 10907 is divided by 174.
119
What is the remainder when 3719723 is divided by 9?
5
Calculate the remainder when 4961038 is divided by 210.
208
Calculate the remainder when 8614 is divided by 1055.
174
Calculate the remainder when 1218462 is divided by 25.
12
What is the remainder when 646 is divided by 609?
37
Calculate the remainder when 2921 is divided by 494.
451
What is the remainder when 1310482 is divided by 20?
2
Calculate the remainder when 1214 is divided by 159.
101
What is the remainder when 117317 is divided by 376?
5
Calculate the remainder when 1240 is divided by 53.
21
Calculate the remainder when 2817 is divided by 188.
185
Calculate the remainder when 5770 is divided by 362.
340
What is the remainder when 10262 is divided by 18?
2
Calculate the remainder when 1548 is divided by 216.
36
What is the remainder when 14928 is divided by 439?
2
Calculate the remainder when 35278 is divided by 8.
6
What is the remainder when 26737 is divided by 5?
2
What is the remainder when 1166159 is divided by 233230?
9
Calculate the remainder when 38223 is divided by 540.
423
What is the remainder when 1076 is divided by 159?
122
Calculate the remainder when 17915 is divided by 999.
932
What is the remainder when 4530 is divided by 1503?
21
What is the remainder when 44351 is divided by 42?
41
What is the remainder when 1230 is divided by 97?
66
What is the remainder when 472769 is divided by 10?
9
What is the remainder when 1219 is divided by 816?
403
What is the remainder when 10098 is divided by 10097?
1
What is the remainder when 516801 is divided by 170?
1
What is the remainder when 15024 is divided by 3748?
32
Calculate the remainder when 756 is divided by 212.
120
What is the remainder when 101474 is divided by 1025?
1024
What is the remainder when 17472 is divided by 357?
336
Calculate the remainder when 56805 is divided by 34.
25
What is the remainder when 4282 is divided by 861?
838
Calculate the remainder when 340356 is divided by 891.
885
What is the remainder when 195571 is divided by 3690?
1
Calculate the remainder when 271878 is divided by 40.
38
What is the remainder when 86180 is divided by 108?
104
Calculate the remainder when 362 is divided by 103.
53
Calculate the remainder when 53487 is divided by 535.
522
What is the remainder when 1559 is divided by 27?
20
Calculate the remainder when 16022 is divided by 5334.
20
What is the remainder when 27701 is divided by 455?
401
What is the remainder when 90642 is divided by 68?
66
Calculate the remainder when 8380 is divided by 2599.
583
What is the remainder when 42578 is divided by 3547?
14
What is the remainder when 3018 is divided by 745?
38
Calculate the remainder when 7865 is divided by 97.
8
Calculate the remainder when 21214 is divided by 10604.
6
Calculate the remainder when 31084 is divided by 137.
122
Calculate the remainder when 6459 is divided by 2135.
54
Calculate the remainder when 32764 is divided by 65.
4
Calculate the remainder when 13624 is divided by 9.
7
What is the remainder when 64328 is divided by 33?
11
What is the remainder when 393572 is divided by 31?
27
Calculate the remainder when 59896 is divided by 19961.
13
Calculate the remainder when 80234 is divided by 1042.
0
Calculate the remainder when 56092 is divided by 220.
212
What is the remainder when 65378 is divided by 944?
242
What is the remainder when 1615 is divided by 1219?
396
What is the remainder when 825067 is divided by 626?
625
Calculate the remainder when 7227208 is divided by 5.
3
What is the remainder when 853330 is divided by 387?
382
Calculate the remainder when 24855 is divided by 17.
1
What is the remainder when 48055 is divided by 1503?
1462
What is the remainder when 2868 is divided by 1414?
40
Calculate the remainder when 19123 is divided by 153.
151
Calculate the remainder when 3768 is divided by 1249.
21
What is the remainder when 395955 is divided by 17215?
10
Calculate the remainder when 718294 is divided by 14964.
22
What is the remainder when 1963 is divided by 974?
15
What is the remainder when 1081 is divided by 136?
129
What is the remainder when 282 is divided by 108?
66
Calculate the remainder when 338 is divided by 216.
122
What is the remainder when 294 is divided by 137?
20
Calculate the remainder when 379990 is divided by 12.
10
Calculate the remainder when 49726 is divided by 2486.
6
Calculate the remainder when 19841 is divided by 65.
16
What is the remainder when 19845 is divided by 987?
105
What is the remainder when 10488 is divided by 10468?
20
What is the remainder when 7735 is divided by 1288?
7
What is the remainder when 191197 is divided by 63694?
115
Calculate the remainder when 28692 is divided by 20.
12
What is the remainder when 1416 is divided by 158?
152
Calculate the remainder when 517149 is divided by 471.
462
Calculate the remainder when 1280 is divided by 155.
40
Calculate the remainder when 5844525 is divided by 108.
105
What is the remainder when 583754 is divided by 16?
10
Calculate the remainder when 317188 is divided by 402.
10
What is the remainder when 383856 is divided by 52?
44
Calculate the remainder when 1601 is divided by 1356.
245
What is the remainder when 1458776 is divided by 30?
26
Calculate the remainder when 92586 is divided by 11.
10
Calculate the remainder when 64673 is divided by 7182.
35
What is the remainder when 460166 is divided by 776?
774
Calculate the remainder when 26830 is divided by 139.
3
Calculate the remainder when 413907 is divided by 126.
123
What is the remainder when 19821 is divided by 567?
543
What is the remainder when 157382 is divided by 1444?
1430
Calculate the remainder when 8393 is divided by 706.
627
What is the remainder when 105969 is divided by 693?
633
Calculate the remainder when 74510 is divided by 74.
66
Calculate the remainder when 2253 is divided by 1726.
527
Calculate the remainder when 2793 is divided by 1349.
95
Calculate the remainder when 13037 is divided by 3222.
149
What is the remainder when 54235 is divided by 89?
34
What is the remainder when 36335 is divided by 9?
2
What is the remainder when 3036260 is divided by 12?
8
Calculate the remainder when 16719 is divided by 1132.
871
Calculate the remainder when 804163 is divided by 108.
103
Calculate the remainder when 22777 is divided by 245.
237
Calculate the remainder when 53001 is divided by 4815.
36
What is the remainder when 51837 is divided by 8638?
9
Calculate the remainder when 33574 is divided by 91.
86
What is the remainder when 464973 is divided by 111?
105
Calculate the remainder when 5633 is divided by 21.
5
What is the remainder when 2685645 is divided by 28?
25
What is the remainder when 3649 is divided by 360?
49
Calculate the remainder when 3140 is divided by 195.
20
What is the remainder when 178767 is divided by 101?
98
What is the remainder when 5346 is divided by 450?
396
Calculate the remainder when 4956 is divided by 1631.
63
Calculate the remainder when 29048 is divided by 2